actor of 64673222 and 752.
94
What is the highest common factor of 17055384 and 72?
24
What is the highest common divisor of 4786 and 128219333?
2393
Calculate the highest common divisor of 17093865 and 11811.
93
What is the greatest common factor of 5310 and 888390?
90
What is the highest common divisor of 3 and 568635?
3
Calculate the greatest common divisor of 67868 and 37959872.
1444
Calculate the highest common factor of 42800694 and 174.
174
Calculate the highest common divisor of 16 and 754786.
2
What is the highest common divisor of 192 and 42189824?
64
What is the highest common divisor of 108580801 and 284088?
11837
Calculate the highest common divisor of 18896 and 3942178.
2362
What is the highest common divisor of 1185 and 79551973?
79
What is the greatest common divisor of 50890331 and 47?
47
What is the highest common factor of 186 and 2821186?
62
What is the greatest common divisor of 106 and 14047756?
106
What is the highest common factor of 165 and 92402145?
165
Calculate the greatest common factor of 20583397 and 9088.
71
Calculate the greatest common divisor of 350 and 32858200.
50
What is the greatest common divisor of 1206285 and 111?
3
What is the highest common factor of 106586 and 3868994?
778
What is the greatest common divisor of 1458 and 135972?
54
Calculate the highest common factor of 38 and 91689706.
38
What is the greatest common divisor of 104808 and 67386?
66
Calculate the greatest common factor of 53926104 and 456.
456
What is the highest common factor of 12820687 and 33?
11
What is the highest common divisor of 168 and 51121322?
14
Calculate the greatest common divisor of 140 and 843012380.
140
Calculate the greatest common factor of 165637 and 5183.
73
What is the highest common factor of 5732 and 14628?
4
Calculate the greatest common divisor of 135 and 120489309.
27
What is the highest common factor of 240456 and 51944?
344
Calculate the highest common divisor of 6640 and 76059872.
1328
What is the greatest common divisor of 46617 and 436608?
1137
Calculate the greatest common divisor of 220 and 55302126.
22
What is the highest common factor of 181518262 and 4282?
4282
What is the highest common divisor of 13 and 101212?
1
Calculate the greatest common divisor of 2036040 and 2448.
24
What is the highest common factor of 7016834 and 5008?
626
Calculate the greatest common divisor of 906 and 558848282.
302
What is the greatest common divisor of 782023 and 184?
23
Calculate the highest common factor of 692916 and 7665.
1533
What is the highest common factor of 94291353 and 1053?
117
Calculate the highest common factor of 1940 and 1218600.
20
What is the greatest common divisor of 159 and 15548345?
53
What is the greatest common factor of 26491819 and 127?
127
What is the highest common factor of 969 and 549957888?
969
Calculate the highest common divisor of 94040 and 62920.
40
Calculate the greatest common divisor of 392 and 23137016.
392
What is the greatest common factor of 100194864 and 3696?
3696
What is the highest common divisor of 6048 and 935648?
224
What is the highest common factor of 970 and 488600?
10
What is the greatest common factor of 845420580 and 95?
95
What is the greatest common divisor of 45512256 and 960?
192
Calculate the highest common divisor of 6716 and 437708.
292
Calculate the highest common divisor of 12489 and 258.
3
Calculate the greatest common factor of 84 and 679956.
12
Calculate the greatest common divisor of 6954 and 613206.
114
What is the greatest common factor of 102 and 4558754?
34
Calculate the highest common divisor of 14249205 and 1665.
45
Calculate the highest common divisor of 430 and 2260123.
43
Calculate the greatest common divisor of 3495 and 127961037.
699
What is the highest common factor of 2573 and 1174528?
31
Calculate the greatest common factor of 336396 and 9131244.
3468
Calculate the greatest common divisor of 1847 and 51285649.
1847
Calculate the greatest common divisor of 309 and 785310213.
309
What is the highest common divisor of 17485776 and 3168?
1584
Calculate the highest common factor of 7168 and 4111408.
112
Calculate the highest common divisor of 1580 and 493980.
20
What is the greatest common factor of 284 and 167638597?
71
What is the greatest common divisor of 1995668994 and 426?
426
What is the highest common divisor of 2509500506 and 1406?
1406
Calculate the highest common divisor of 85 and 13903042.
17
What is the greatest common divisor of 1522548 and 144?
36
What is the highest common divisor of 43638 and 43302?
42
What is the highest common divisor of 4048 and 21459460?
1012
What is the greatest common divisor of 2555293 and 1?
1
What is the highest common factor of 380 and 739212860?
380
Calculate the greatest common factor of 152216 and 18297512.
2872
What is the highest common divisor of 1863 and 86787234?
621
What is the highest common factor of 42450 and 3456?
6
What is the greatest common divisor of 123732 and 204?
12
Calculate the greatest common factor of 4399838 and 49706.
1714
Calculate the highest common divisor of 98766 and 10390549.
1829
What is the greatest common factor of 226666329 and 74?
37
Calculate the greatest common factor of 14354484 and 1932.
276
Calculate the greatest common factor of 82248 and 267996.
276
What is the highest common factor of 1172064 and 7656?
696
Calculate the highest common divisor of 6 and 83948082.
6
What is the highest common divisor of 16212222 and 2631?
2631
Calculate the highest common factor of 783 and 32038939.
29
Calculate the highest common divisor of 197959 and 1.
1
What is the greatest common factor of 88800 and 394864?
592
Calculate the greatest common divisor of 324013 and 1823887.
457
Calculate the greatest common divisor of 147 and 288890966.
49
Calculate the highest common divisor of 10 and 1225970.
10
What is the greatest common factor of 18146034 and 63?
9
What is the greatest common factor of 827218089 and 6932?
1733
What is the highest common divisor of 46799 and 55756?
53
Calculate the greatest common factor of 3605738 and 7288.
1822
What is the greatest common factor of 205308 and 265356?
108
What is the greatest common factor of 40 and 53208490?
10
Calculate the highest common divisor of 51462 and 545125530.
5718
What is the greatest common divisor of 67470 and 2057640?
390
What is the greatest common factor of 864 and 304872?
24
Calculate the greatest common divisor of 1625 and 26868465.
65
What is the greatest common divisor of 592971 and 3298761?
5757
Calculate the greatest common divisor of 114612 and 60.
12
Calculate the greatest common divisor of 73895128 and 2402.
2402
What is the highest common factor of 52703 and 5131?
7
What is the highest common factor of 9381472 and 12192?
32
What is the highest common divisor of 4473 and 1107603?
63
What is the greatest common factor of 53378504 and 272?
136
What is the greatest common factor of 10959 and 234975?
39
What is the greatest common factor of 123845916 and 12?
12
Calculate the highest common factor of 5958 and 151947.
9
What is the highest common factor of 140279204 and 7462?
1066
Calculate the highest common factor of 177 and 61429679.
59
Calculate the greatest common factor of 1608166 and 1143331.
1631
What is the greatest common divisor of 944798839 and 314?
157
What is the greatest common factor of 99 and 599240631?
33
What is the highest common divisor of 22572055 and 5?
5
Calculate the greatest common factor of 1078 and 2792768.
22
Calculate the highest common divisor of 546441420 and 3225.
645
What is the greatest common divisor of 80214 and 219066?
174
Calculate the greatest common divisor of 197461922 and 7742.
1106
What is the highest common factor of 143983368 and 684?
684
What is the highest common factor of 1372340 and 52805?
295
Calculate the greatest common factor of 86598 and 103122.
306
What is the highest common divisor of 1953 and 32860093?
217
Calculate the highest common factor of 1161 and 10504341.
387
What is the greatest common factor of 33098318 and 66?
22
What is the highest common factor of 10798 and 32043065?
5399
Calculate the highest common divisor of 17737845 and 45.
15
Calculate the greatest common divisor of 393889607 and 98957.
5821
What is the highest common factor of 5430